ns digit of 38487341?
4
What is the tens digit of 1136231521?
2
What is the hundreds digit of 62110792?
7
What is the thousands digit of 1147149558?
9
What is the hundred millions digit of 883081077?
8
What is the hundreds digit of 297579933?
9
What is the millions digit of 46092169?
6
What is the hundred thousands digit of 92425745?
4
What is the hundreds digit of 1999856466?
4
What is the millions digit of 187988164?
7
What is the ten thousands digit of 164579174?
7
What is the ten thousands digit of 644593725?
9
What is the hundred thousands digit of 40247683?
2
What is the tens digit of 124787096?
9
What is the tens digit of 1092499687?
8
What is the tens digit of 31705627?
2
What is the thousands digit of 1699991417?
1
What is the hundred millions digit of 2617023506?
6
What is the thousands digit of 180769781?
9
What is the tens digit of 11309884?
8
What is the hundred millions digit of 1040959693?
0
What is the hundred thousands digit of 570382507?
3
What is the hundred thousands digit of 203362384?
3
What is the hundred thousands digit of 639334083?
3
What is the hundreds digit of 285577989?
9
What is the thousands digit of 10561833?
1
What is the tens digit of 505711254?
5
What is the millions digit of 44506486?
4
What is the ten thousands digit of 2387115530?
1
What is the hundred millions digit of 482975760?
4
What is the millions digit of 78500101?
8
What is the units digit of 24411920?
0
What is the units digit of 1652436278?
8
What is the units digit of 31247551?
1
What is the ten millions digit of 39073301?
3
What is the ten millions digit of 264100710?
6
What is the thousands digit of 1113476139?
6
What is the ten thousands digit of 136603620?
0
What is the thousands digit of 52018701?
8
What is the ten millions digit of 15607706?
1
What is the ten thousands digit of 34151721?
5
What is the hundred thousands digit of 42644471?
6
What is the tens digit of 23493623?
2
What is the units digit of 59138416?
6
What is the millions digit of 42941191?
2
What is the hundreds digit of 1944267919?
9
What is the millions digit of 98872893?
8
What is the units digit of 3294322562?
2
What is the units digit of 101000151?
1
What is the hundred millions digit of 232083342?
2
What is the hundred thousands digit of 110855077?
8
What is the hundred millions digit of 195571514?
1
What is the tens digit of 535666486?
8
What is the hundred millions digit of 5694681825?
6
What is the tens digit of 5998161978?
7
What is the hundred thousands digit of 44486553?
4
What is the ten thousands digit of 65792132?
9
What is the ten thousands digit of 934179585?
7
What is the ten millions digit of 5837728044?
3
What is the ten millions digit of 2048231847?
4
What is the ten millions digit of 1172306630?
7
What is the hundred millions digit of 163330720?
1
What is the ten thousands digit of 1439127018?
2
What is the ten millions digit of 65421211?
6
What is the hundreds digit of 869566059?
0
What is the millions digit of 205004103?
5
What is the hundred millions digit of 4605884385?
6
What is the hundreds digit of 78446980?
9
What is the ten millions digit of 3806465414?
0
What is the hundred millions digit of 342707343?
3
What is the tens digit of 362063074?
7
What is the units digit of 200139582?
2
What is the hundreds digit of 2044272?
2
What is the ten thousands digit of 7219779?
1
What is the units digit of 85489227?
7
What is the ten millions digit of 175945778?
7
What is the ten thousands digit of 899874540?
7
What is the millions digit of 53156119?
3
What is the tens digit of 290478650?
5
What is the hundred thousands digit of 406793953?
7
What is the millions digit of 101597124?
1
What is the billions digit of 1172099371?
1
What is the ten millions digit of 1402161392?
0
What is the hundred millions digit of 781328295?
7
What is the tens digit of 8704110912?
1
What is the hundred millions digit of 131095485?
1
What is the hundred millions digit of 1420220074?
4
What is the hundred thousands digit of 16014984?
0
What is the hundred thousands digit of 470826339?
8
What is the tens digit of 1194307623?
2
What is the millions digit of 98330197?
8
What is the thousands digit of 83805303?
5
What is the ten thousands digit of 164981951?
8
What is the tens digit of 146384481?
8
What is the thousands digit of 256232496?
2
What is the ten millions digit of 446395541?
4
What is the ten thousands digit of 1487513085?
1
What is the ten millions digit of 166549609?
6
What is the ten thousands digit of 36797690?
9
What is the units digit of 35915607?
7
What is the ten millions digit of 769850683?
6
What is the ten millions digit of 5256734178?
5
What is the ten thousands digit of 27434792?
3
What is the hundreds digit of 29899728?
7
What is the thousands digit of 201749807?
9
What is the hundred millions digit of 219118150?
2
What is the millions digit of 14461929?
4
What is the ten millions digit of 125522654?
2
What is the ten millions digit of 17259226?
1
What is the ten thousands digit of 181788134?
8
What is the thousands digit of 214305657?
5
What is the thousands digit of 599609489?
9
What is the ten thousands digit of 483957110?
5
What is the hundred millions digit of 488060023?
4
What is the hundreds digit of 40130328?
3
What is the millions digit of 3002536171?
2
What is the thousands digit of 1994034628?
4
What is the hundreds digit of 118101532?
5
What is the hundred thousands digit of 68618860?
6
What is the hundred millions digit of 343355603?
3
What is the thousands digit of 248326757?
6
What is the units digit of 112648204?
4
What is the millions digit of 92408115?
2
What is the hundreds digit of 52362222?
2
What is the millions digit of 115737594?
5
What is the hundreds digit of 1594902566?
5
What is the units digit of 294281351?
1
What is the hundreds digit of 27998851?
8
What is the thousands digit of 472722779?
2
What is the hundreds digit of 56124590?
5
What is the ten millions digit of 484638985?
8
What is the millions digit of 8006058?
8
What is the ten thousands digit of 793334?
9
What is the hundred millions digit of 1328460896?
3
What is the ten millions digit of 163325430?
6
What is the hundred thousands digit of 472254984?
2
What is the ten thousands digit of 2278932618?
3
What is the units digit of 58664952?
2
What is the billions digit of 1835223876?
1
What is the hundred thousands digit of 115341898?
3
What is the ten thousands digit of 59384629?
8
What is the millions digit of 232694583?
2
What is the units digit of 44809362?
2
What is the ten millions digit of 271271522?
7
What is the millions digit of 58915364?
8
What is the millions digit of 594753038?
4
What is the ten thousands digit of 1932301152?
0
What is the hundred thousands digit of 1658162267?
1
What is the hundred millions digit of 2972517249?
9
What is the hundred thousands digit of 50260831?
2
What is the units digit of 284598221?
1
What is the units digit of 515446531?
1
What is the thousands digit of 336901424?
1
What is the hundred millions digit of 1074786927?
0
What is the units digit of 2437454138?
8
What is the ten thousands digit of 1652626248?
2
What is the hundred millions digit of 768749046?
7
What is the hundreds digit of 3426237948?
9
What is the units digit of 204720843?
3
What is the ten millions digit of 517924827?
1
What is the tens digit of 161117765?
6
What is the millions digit of 5835274?
5
What is the hundred millions digit of 144703447?
1
What is the tens digit of 965943628?
2
What is the hundreds digit of 346769364?
3
What is the millions digit of 3446156212?
6
What is the ten millions digit of 22073050?
2
What is the ten millions digit of 608257507?
0
What is the thousands digit of 136517782?
7
What is the hundred millions digit of 143797485?
1
What is the hundred thousands digit of 45477978?
4
What is the thousands digit of 288859226?
9
What is the hundreds digit of 22386951?
9
What is the hundreds digit of 26468170?
1
What is the ten thousands digit of 66838210?
3
What is the millions digit of 22313735?
2
What is the ten millions digit of 3643006300?
4
What is the tens digit of 476557244?
4
What is the ten millions digit of 64936183?
6
What is the millions digit of 11784475?
1
What is the millions digit of 420883991?
0
What is the tens dig